{"id":1576,"date":"2024-09-09T09:50:28","date_gmt":"2024-09-09T07:50:28","guid":{"rendered":"https:\/\/europeum-hotel.ms2.decms.eu\/?page_id=1576"},"modified":"2024-09-09T10:22:40","modified_gmt":"2024-09-09T08:22:40","slug":"classic-doppelzimmer-fuer-menschen-mit-behinderungen","status":"publish","type":"page","link":"https:\/\/europeum.pl\/de\/zimmer\/classic-doppelzimmer-fuer-menschen-mit-behinderungen\/","title":{"rendered":"Classic Doppelzimmer f\u00fcr Menschen mit Behinderungen"},"content":{"rendered":"<p>Elegantes, komfortables, voll klimatisiertes Zimmer f\u00fcr eine oder zwei Personen. Das Zimmer und das Bad sind mit Einrichtungen ausgestattet, die einen ungehinderten Aufenthalt f\u00fcr Personen mit eingeschr\u00e4nkter Mobilit\u00e4t erm\u00f6glichen. Die samtigen \u00dcberw\u00fcrfe und Kissen, die sich harmonisch in die Kunstwerke einf\u00fcgen, betonen den modernen Charakter des Interieurs und schaffen gleichzeitig eine gem\u00fctliche und intime Atmosph\u00e4re. Von den Fenstern aus hat man einen Blick auf den ruhigen Innenhof. Das Zimmer ist mit einem gro\u00dfen King-Size-Bett, einem Arbeitsplatz, einem Fernseher mit Zugang zu mehrsprachigen Kan\u00e4len, einer Kaffeebar und kostenlosem WLAN ausgestattet. Das Zimmer verf\u00fcgt \u00fcber schalldichte, nicht zu \u00f6ffnende Fenster.<\/p>\n","protected":false},"excerpt":{"rendered":"<p>Elegantes, komfortables, voll klimatisiertes Zimmer f\u00fcr eine oder zwei Personen. Das Zimmer und das Bad sind mit Einrichtungen ausgestattet, die einen ungehinderten Aufenthalt f\u00fcr Personen mit eingeschr\u00e4nkter Mobilit\u00e4t erm\u00f6glichen. Die samtigen \u00dcberw\u00fcrfe und Kissen, die sich harmonisch in die Kunstwerke einf\u00fcgen, betonen den modernen Charakter des Interieurs und schaffen gleichzeitig eine gem\u00fctliche und intime Atmosph\u00e4re. [&hellip;]<\/p>\n","protected":false},"author":158,"featured_media":0,"parent":1199,"menu_order":18,"comment_status":"closed","ping_status":"closed","template":"template-single-room.php","meta":{"footnotes":""},"yoast_head":"<!-- This site is optimized with the Yoast SEO plugin v22.3 - https:\/\/yoast.com\/wordpress\/plugins\/seo\/ -->\n<title>Classic Doppelzimmer f\u00fcr Menschen mit Behinderungen &#8211; Europeum Hotel<\/title>\n<meta name=\"description\" content=\"Elegantes, komfortables, voll klimatisiertes Zimmer f\u00fcr eine oder zwei Personen. Das Zimmer und das Bad sind mit Einrichtungen ausgestattet, die einen ungehinderten Aufenthalt f\u00fcr Personen mit eingeschr\u00e4nkter Mobilit\u00e4t erm\u00f6glichen\" \/>\n<meta name=\"robots\" content=\"index, follow, max-snippet:-1, max-image-preview:large, max-video-preview:-1\" \/>\n<link rel=\"canonical\" href=\"https:\/\/europeum.pl\/de\/zimmer\/classic-doppelzimmer-fuer-menschen-mit-behinderungen\/\" \/>\n<meta property=\"og:locale\" content=\"de_DE\" \/>\n<meta property=\"og:type\" content=\"article\" \/>\n<meta property=\"og:title\" content=\"Classic Doppelzimmer f\u00fcr Menschen mit Behinderungen &#8211; Europeum Hotel\" \/>\n<meta property=\"og:description\" content=\"Elegantes, komfortables, voll klimatisiertes Zimmer f\u00fcr eine oder zwei Personen. Das Zimmer und das Bad sind mit Einrichtungen ausgestattet, die einen ungehinderten Aufenthalt f\u00fcr Personen mit eingeschr\u00e4nkter Mobilit\u00e4t erm\u00f6glichen\" \/>\n<meta property=\"og:url\" content=\"https:\/\/europeum.pl\/de\/zimmer\/classic-doppelzimmer-fuer-menschen-mit-behinderungen\/\" \/>\n<meta property=\"og:site_name\" content=\"Europeum Hotel\" \/>\n<meta property=\"article:publisher\" content=\"https:\/\/www.facebook.com\/europeum\" \/>\n<meta property=\"article:modified_time\" content=\"2024-09-09T08:22:40+00:00\" \/>\n<meta property=\"og:image\" content=\"https:\/\/europeum.pl\/wp-content\/uploads\/sites\/68\/2024\/06\/5.jpg\" \/>\n\t<meta property=\"og:image:width\" content=\"1920\" \/>\n\t<meta property=\"og:image:height\" content=\"1080\" \/>\n\t<meta property=\"og:image:type\" content=\"image\/jpeg\" \/>\n<meta name=\"twitter:card\" content=\"summary_large_image\" \/>\n<meta name=\"twitter:label1\" content=\"Gesch\u00e4tzte Lesezeit\" \/>\n\t<meta name=\"twitter:data1\" content=\"1 Minute\" \/>\n<script type=\"application\/ld+json\" class=\"yoast-schema-graph\">{\"@context\":\"https:\/\/schema.org\",\"@graph\":[{\"@type\":\"WebPage\",\"@id\":\"https:\/\/europeum.pl\/de\/zimmer\/classic-doppelzimmer-fuer-menschen-mit-behinderungen\/\",\"url\":\"https:\/\/europeum.pl\/de\/zimmer\/classic-doppelzimmer-fuer-menschen-mit-behinderungen\/\",\"name\":\"Classic Doppelzimmer f\u00fcr Menschen mit Behinderungen &#8211; Europeum Hotel\",\"isPartOf\":{\"@id\":\"https:\/\/europeum.pl\/de\/#website\"},\"datePublished\":\"2024-09-09T07:50:28+00:00\",\"dateModified\":\"2024-09-09T08:22:40+00:00\",\"description\":\"Elegantes, komfortables, voll klimatisiertes Zimmer f\u00fcr eine oder zwei Personen. Das Zimmer und das Bad sind mit Einrichtungen ausgestattet, die einen ungehinderten Aufenthalt f\u00fcr Personen mit eingeschr\u00e4nkter Mobilit\u00e4t erm\u00f6glichen\",\"breadcrumb\":{\"@id\":\"https:\/\/europeum.pl\/de\/zimmer\/classic-doppelzimmer-fuer-menschen-mit-behinderungen\/#breadcrumb\"},\"inLanguage\":\"de-DE\",\"potentialAction\":[{\"@type\":\"ReadAction\",\"target\":[\"https:\/\/europeum.pl\/de\/zimmer\/classic-doppelzimmer-fuer-menschen-mit-behinderungen\/\"]}]},{\"@type\":\"BreadcrumbList\",\"@id\":\"https:\/\/europeum.pl\/de\/zimmer\/classic-doppelzimmer-fuer-menschen-mit-behinderungen\/#breadcrumb\",\"itemListElement\":[{\"@type\":\"ListItem\",\"position\":1,\"name\":\"Home\",\"item\":\"https:\/\/europeum.pl\/de\/\"},{\"@type\":\"ListItem\",\"position\":2,\"name\":\"Zimmer\",\"item\":\"https:\/\/europeum.pl\/de\/zimmer\/\"},{\"@type\":\"ListItem\",\"position\":3,\"name\":\"Classic Doppelzimmer f\u00fcr Menschen mit Behinderungen\"}]},{\"@type\":\"WebSite\",\"@id\":\"https:\/\/europeum.pl\/de\/#website\",\"url\":\"https:\/\/europeum.pl\/de\/\",\"name\":\"Europeum Hotel\",\"description\":\"\",\"publisher\":{\"@id\":\"https:\/\/europeum.pl\/de\/#organization\"},\"alternateName\":\"Europeum Hotel\",\"potentialAction\":[{\"@type\":\"SearchAction\",\"target\":{\"@type\":\"EntryPoint\",\"urlTemplate\":\"https:\/\/europeum.pl\/de\/?s={search_term_string}\"},\"query-input\":\"required name=search_term_string\"}],\"inLanguage\":\"de-DE\"},{\"@type\":\"Organization\",\"@id\":\"https:\/\/europeum.pl\/de\/#organization\",\"name\":\"Europeum Hotel\",\"alternateName\":\"Europeum Hotel\",\"url\":\"https:\/\/europeum.pl\/de\/\",\"logo\":{\"@type\":\"ImageObject\",\"inLanguage\":\"de-DE\",\"@id\":\"https:\/\/europeum.pl\/de\/#\/schema\/logo\/image\/\",\"url\":\"https:\/\/europeum.pl\/wp-content\/uploads\/sites\/68\/2023\/10\/logo_europeum_short_version_grey.png\",\"contentUrl\":\"https:\/\/europeum.pl\/wp-content\/uploads\/sites\/68\/2023\/10\/logo_europeum_short_version_grey.png\",\"width\":3508,\"height\":2480,\"caption\":\"Europeum Hotel\"},\"image\":{\"@id\":\"https:\/\/europeum.pl\/de\/#\/schema\/logo\/image\/\"},\"sameAs\":[\"https:\/\/www.facebook.com\/europeum\",\"https:\/\/www.instagram.com\/europeumhotel\/\"]}]}<\/script>\n<!-- \/ Yoast SEO plugin. -->","yoast_head_json":{"title":"Classic Doppelzimmer f\u00fcr Menschen mit Behinderungen &#8211; Europeum Hotel","description":"Elegantes, komfortables, voll klimatisiertes Zimmer f\u00fcr eine oder zwei Personen. Das Zimmer und das Bad sind mit Einrichtungen ausgestattet, die einen ungehinderten Aufenthalt f\u00fcr Personen mit eingeschr\u00e4nkter Mobilit\u00e4t erm\u00f6glichen","robots":{"index":"index","follow":"follow","max-snippet":"max-snippet:-1","max-image-preview":"max-image-preview:large","max-video-preview":"max-video-preview:-1"},"canonical":"https:\/\/europeum.pl\/de\/zimmer\/classic-doppelzimmer-fuer-menschen-mit-behinderungen\/","og_locale":"de_DE","og_type":"article","og_title":"Classic Doppelzimmer f\u00fcr Menschen mit Behinderungen &#8211; Europeum Hotel","og_description":"Elegantes, komfortables, voll klimatisiertes Zimmer f\u00fcr eine oder zwei Personen. Das Zimmer und das Bad sind mit Einrichtungen ausgestattet, die einen ungehinderten Aufenthalt f\u00fcr Personen mit eingeschr\u00e4nkter Mobilit\u00e4t erm\u00f6glichen","og_url":"https:\/\/europeum.pl\/de\/zimmer\/classic-doppelzimmer-fuer-menschen-mit-behinderungen\/","og_site_name":"Europeum Hotel","article_publisher":"https:\/\/www.facebook.com\/europeum","article_modified_time":"2024-09-09T08:22:40+00:00","og_image":[{"width":1920,"height":1080,"url":"https:\/\/europeum.pl\/wp-content\/uploads\/sites\/68\/2024\/06\/5.jpg","type":"image\/jpeg"}],"twitter_card":"summary_large_image","twitter_misc":{"Gesch\u00e4tzte Lesezeit":"1 Minute"},"schema":{"@context":"https:\/\/schema.org","@graph":[{"@type":"WebPage","@id":"https:\/\/europeum.pl\/de\/zimmer\/classic-doppelzimmer-fuer-menschen-mit-behinderungen\/","url":"https:\/\/europeum.pl\/de\/zimmer\/classic-doppelzimmer-fuer-menschen-mit-behinderungen\/","name":"Classic Doppelzimmer f\u00fcr Menschen mit Behinderungen &#8211; Europeum Hotel","isPartOf":{"@id":"https:\/\/europeum.pl\/de\/#website"},"datePublished":"2024-09-09T07:50:28+00:00","dateModified":"2024-09-09T08:22:40+00:00","description":"Elegantes, komfortables, voll klimatisiertes Zimmer f\u00fcr eine oder zwei Personen. Das Zimmer und das Bad sind mit Einrichtungen ausgestattet, die einen ungehinderten Aufenthalt f\u00fcr Personen mit eingeschr\u00e4nkter Mobilit\u00e4t erm\u00f6glichen","breadcrumb":{"@id":"https:\/\/europeum.pl\/de\/zimmer\/classic-doppelzimmer-fuer-menschen-mit-behinderungen\/#breadcrumb"},"inLanguage":"de-DE","potentialAction":[{"@type":"ReadAction","target":["https:\/\/europeum.pl\/de\/zimmer\/classic-doppelzimmer-fuer-menschen-mit-behinderungen\/"]}]},{"@type":"BreadcrumbList","@id":"https:\/\/europeum.pl\/de\/zimmer\/classic-doppelzimmer-fuer-menschen-mit-behinderungen\/#breadcrumb","itemListElement":[{"@type":"ListItem","position":1,"name":"Home","item":"https:\/\/europeum.pl\/de\/"},{"@type":"ListItem","position":2,"name":"Zimmer","item":"https:\/\/europeum.pl\/de\/zimmer\/"},{"@type":"ListItem","position":3,"name":"Classic Doppelzimmer f\u00fcr Menschen mit Behinderungen"}]},{"@type":"WebSite","@id":"https:\/\/europeum.pl\/de\/#website","url":"https:\/\/europeum.pl\/de\/","name":"Europeum Hotel","description":"","publisher":{"@id":"https:\/\/europeum.pl\/de\/#organization"},"alternateName":"Europeum Hotel","potentialAction":[{"@type":"SearchAction","target":{"@type":"EntryPoint","urlTemplate":"https:\/\/europeum.pl\/de\/?s={search_term_string}"},"query-input":"required name=search_term_string"}],"inLanguage":"de-DE"},{"@type":"Organization","@id":"https:\/\/europeum.pl\/de\/#organization","name":"Europeum Hotel","alternateName":"Europeum Hotel","url":"https:\/\/europeum.pl\/de\/","logo":{"@type":"ImageObject","inLanguage":"de-DE","@id":"https:\/\/europeum.pl\/de\/#\/schema\/logo\/image\/","url":"https:\/\/europeum.pl\/wp-content\/uploads\/sites\/68\/2023\/10\/logo_europeum_short_version_grey.png","contentUrl":"https:\/\/europeum.pl\/wp-content\/uploads\/sites\/68\/2023\/10\/logo_europeum_short_version_grey.png","width":3508,"height":2480,"caption":"Europeum Hotel"},"image":{"@id":"https:\/\/europeum.pl\/de\/#\/schema\/logo\/image\/"},"sameAs":["https:\/\/www.facebook.com\/europeum","https:\/\/www.instagram.com\/europeumhotel\/"]}]}},"acf":[],"_links":{"self":[{"href":"https:\/\/europeum.pl\/de\/wp-json\/wp\/v2\/pages\/1576"}],"collection":[{"href":"https:\/\/europeum.pl\/de\/wp-json\/wp\/v2\/pages"}],"about":[{"href":"https:\/\/europeum.pl\/de\/wp-json\/wp\/v2\/types\/page"}],"author":[{"embeddable":true,"href":"https:\/\/europeum.pl\/de\/wp-json\/wp\/v2\/users\/158"}],"replies":[{"embeddable":true,"href":"https:\/\/europeum.pl\/de\/wp-json\/wp\/v2\/comments?post=1576"}],"version-history":[{"count":0,"href":"https:\/\/europeum.pl\/de\/wp-json\/wp\/v2\/pages\/1576\/revisions"}],"up":[{"embeddable":true,"href":"https:\/\/europeum.pl\/de\/wp-json\/wp\/v2\/pages\/1199"}],"wp:attachment":[{"href":"https:\/\/europeum.pl\/de\/wp-json\/wp\/v2\/media?parent=1576"}],"curies":[{"name":"wp","href":"https:\/\/api.w.org\/{rel}","templated":true}]}}

Classic Doppelzimmer für Menschen mit Behinderungen

<p>Elegantes, komfortables, voll klimatisiertes Zimmer für eine oder zwei Personen. Das Zimmer und das Bad sind mit Einrichtungen ausgestattet, die einen ungehinderten Aufenthalt für Personen mit eingeschränkter Mobilität ermöglichen. Die samtigen Überwürfe und Kissen, die sich harmonisch in die Kunstwerke einfügen, betonen den modernen Charakter des Interieurs und schaffen gleichzeitig eine gemütliche und intime Atmosphäre. Von den Fenstern aus hat man einen Blick auf den ruhigen Innenhof. Das Zimmer ist mit einem großen King-Size-Bett, einem Arbeitsplatz, einem Fernseher mit Zugang zu mehrsprachigen Kanälen, einer Kaffeebar und kostenlosem WLAN ausgestattet. Das Zimmer verfügt über schalldichte, nicht zu öffnende Fenster.</p>

<p>Elegantes, komfortables, voll klimatisiertes Zimmer für eine oder zwei Personen. Das Zimmer und das Bad sind mit Einrichtungen ausgestattet, die einen ungehinderten Aufenthalt für Personen mit eingeschränkter Mobilität ermöglichen. Die samtigen Überwürfe und Kissen, die sich harmonisch in die Kunstwerke einfügen, betonen den modernen Charakter des Interieurs und schaffen gleichzeitig eine gemütliche und intime Atmosphäre. [&hellip;]</p>

<!-- This site is optimized with the Yoast SEO plugin v22.3 - https://yoast.com/wordpress/plugins/seo/ -->
<title>Classic Doppelzimmer für Menschen mit Behinderungen &#8211; Europeum Hotel</title>
<meta name="description" content="Elegantes, komfortables, voll klimatisiertes Zimmer für eine oder zwei Personen. Das Zimmer und das Bad sind mit Einrichtungen ausgestattet, die einen ungehinderten Aufenthalt für Personen mit eingeschränkter Mobilität ermöglichen" />
<meta name="robots" content="index, follow, max-snippet:-1, max-image-preview:large, max-video-preview:-1" />
<link rel="canonical" href="https://europeum.pl/de/zimmer/classic-doppelzimmer-fuer-menschen-mit-behinderungen/" />
<meta property="og:locale" content="de_DE" />
<meta property="og:type" content="article" />
<meta property="og:title" content="Classic Doppelzimmer für Menschen mit Behinderungen &#8211; Europeum Hotel" />
<meta property="og:description" content="Elegantes, komfortables, voll klimatisiertes Zimmer für eine oder zwei Personen. Das Zimmer und das Bad sind mit Einrichtungen ausgestattet, die einen ungehinderten Aufenthalt für Personen mit eingeschränkter Mobilität ermöglichen" />
<meta property="og:url" content="https://europeum.pl/de/zimmer/classic-doppelzimmer-fuer-menschen-mit-behinderungen/" />
<meta property="og:site_name" content="Europeum Hotel" />
<meta property="article:publisher" content="https://www.facebook.com/europeum" />
<meta property="article:modified_time" content="2024-09-09T08:22:40+00:00" />
<meta property="og:image" content="https://europeum.pl/wp-content/uploads/sites/68/2024/06/5.jpg" />
	<meta property="og:image:width" content="1920" />
	<meta property="og:image:height" content="1080" />
	<meta property="og:image:type" content="image/jpeg" />
<meta name="twitter:card" content="summary_large_image" />
<meta name="twitter:label1" content="Geschätzte Lesezeit" />
	<meta name="twitter:data1" content="1 Minute" />
<script type="application/ld+json" class="yoast-schema-graph">{"@context":"https://schema.org","@graph":[{"@type":"WebPage","@id":"https://europeum.pl/de/zimmer/classic-doppelzimmer-fuer-menschen-mit-behinderungen/","url":"https://europeum.pl/de/zimmer/classic-doppelzimmer-fuer-menschen-mit-behinderungen/","name":"Classic Doppelzimmer für Menschen mit Behinderungen &#8211; Europeum Hotel","isPartOf":{"@id":"https://europeum.pl/de/#website"},"datePublished":"2024-09-09T07:50:28+00:00","dateModified":"2024-09-09T08:22:40+00:00","description":"Elegantes, komfortables, voll klimatisiertes Zimmer für eine oder zwei Personen. Das Zimmer und das Bad sind mit Einrichtungen ausgestattet, die einen ungehinderten Aufenthalt für Personen mit eingeschränkter Mobilität ermöglichen","breadcrumb":{"@id":"https://europeum.pl/de/zimmer/classic-doppelzimmer-fuer-menschen-mit-behinderungen/#breadcrumb"},"inLanguage":"de-DE","potentialAction":[{"@type":"ReadAction","target":["https://europeum.pl/de/zimmer/classic-doppelzimmer-fuer-menschen-mit-behinderungen/"]}]},{"@type":"BreadcrumbList","@id":"https://europeum.pl/de/zimmer/classic-doppelzimmer-fuer-menschen-mit-behinderungen/#breadcrumb","itemListElement":[{"@type":"ListItem","position":1,"name":"Home","item":"https://europeum.pl/de/"},{"@type":"ListItem","position":2,"name":"Zimmer","item":"https://europeum.pl/de/zimmer/"},{"@type":"ListItem","position":3,"name":"Classic Doppelzimmer für Menschen mit Behinderungen"}]},{"@type":"WebSite","@id":"https://europeum.pl/de/#website","url":"https://europeum.pl/de/","name":"Europeum Hotel","description":"","publisher":{"@id":"https://europeum.pl/de/#organization"},"alternateName":"Europeum Hotel","potentialAction":[{"@type":"SearchAction","target":{"@type":"EntryPoint","urlTemplate":"https://europeum.pl/de/?s={search_term_string}"},"query-input":"required name=search_term_string"}],"inLanguage":"de-DE"},{"@type":"Organization","@id":"https://europeum.pl/de/#organization","name":"Europeum Hotel","alternateName":"Europeum Hotel","url":"https://europeum.pl/de/","logo":{"@type":"ImageObject","inLanguage":"de-DE","@id":"https://europeum.pl/de/#/schema/logo/image/","url":"https://europeum.pl/wp-content/uploads/sites/68/2023/10/logo_europeum_short_version_grey.png","contentUrl":"https://europeum.pl/wp-content/uploads/sites/68/2023/10/logo_europeum_short_version_grey.png","width":3508,"height":2480,"caption":"Europeum Hotel"},"image":{"@id":"https://europeum.pl/de/#/schema/logo/image/"},"sameAs":["https://www.facebook.com/europeum","https://www.instagram.com/europeumhotel/"]}]}</script>
<!-- / Yoast SEO plugin. -->

Classic Doppelzimmer für Menschen mit Behinderungen &#8211; Europeum Hotel

Elegantes, komfortables, voll klimatisiertes Zimmer für eine oder zwei Personen. Das Zimmer und das Bad sind mit Einrichtungen ausgestattet, die einen ungehinderten Aufenthalt für Personen mit eingeschränkter Mobilität ermöglichen
